= -584*g + r, 61378 = 4*g + r. What is the hundreds digit of g?
3
Suppose -2*n + 9 = -5*k - 5, 0 = -n + 5*k + 12. Suppose -2*a + n*i - 113 + 465 = 0, 0 = -5*a + 3*i + 886. What is the units digit of a?
9
Let g(i) = -i**2 + 7*i + 2. Let u be g(7). Suppose 0 = -u*o + 142 + 206. What is the tens digit of o?
7
Let k be 5778/(-15) - 5/(-25)*1. Let i = -113 - k. What is the units digit of i?
2
Let i be -1*26*(-3)/2. Suppose 53*o - 58*o = -190. Suppose -o*c - 28 = -i*c. What is the units digit of c?
8
Let p = 491 - 489. Suppose p*z + 3*d - 144 - 214 = 0, 8 = 2*d. What is the units digit of z?
3
Let d be 7/(-1) - (-15)/(-3). Let k(a) = -a**2 - 16*a - 25. Let m be k(d). Suppose m*s = 25*s - 190. What is the units digit of s?
5
Suppose 4*w - 106 = 30. Let x(u) = -u**2 + 35*u + 56. What is the units digit of x(w)?
0
Suppose 5*p - 20 = p, 2*p = i + 8. Let v(t) = 0 - 2*t**2 + 14*t**i + 0. What is the units digit of v(2)?
8
Suppose 2*k + 5*t = 9, 0 = 5*k - 5*t + 8*t - 13. Let o(y) = -2*y - 4*y + k*y**2 + 45 - 53. What is the units digit of o(-8)?
8
Let y(o) = 4*o**2 + 30*o - 11. Let g be y(-8). Suppose -g*h = -1786 + 41. What is the tens digit of h?
4
What is the hundreds digit of 261 + -277 + (1546 - 0)?
5
Let i = -294 - -306. What is the units digit of (16/i)/((-1)/(27/(-2)))?
8
Let k be (2 + 0)/((-1)/(-313)). Suppose -5*h + 5*n = -120, -3*h + 18*n - 13*n = -82. Suppose k + h = 5*u. What is the units digit of u?
9
Let d(a) = 3*a**2 - 4. Let r be d(3). Suppose 21*z - r*z + 266 = 0. What is the units digit of (-3)/(-7)*z/19?
3
Let t(f) = 3*f + 31 + 62*f**2 + 3*f - 34*f**2 - 22. What is the tens digit of t(-4)?
3
Suppose 0*s = -3*s + 51. Suppose -2*o - 2*w - 28 = 0, 4*o - 2*w + s = -21. Let a(c) = -c**3 - 11*c**2 - c + 3. What is the units digit of a(o)?
4
What is the thousands digit of (-36626)/(-2) + (-10 - -12)*-4?
8
Suppose -4*o + 51796 = 4*z, 5*o - 46355 = 3*z + 18342. What is the units digit of o?
3
Suppose -5*t + 2120 = -10*t. Let y = 608 - 891. Let d = y - t. What is the units digit of d?
1
Let v(l) = 40*l**2 - 24*l + 265. What is the tens digit of v(10)?
2
Let x = -14 + 19. Let k be (-1)/2 - (-3 - 599/2). Suppose -k + 22 = -x*z. What is the units digit of z?
6
Suppose -1128 = 3*a - 4776. Suppose -3*m - 1718 = -3*g + 88, a = 2*g + 2*m. What is the units digit of g?
5
Let y(a) = 3*a**3 + 7 - a - 2*a**2 + 0*a**2 - 11 + 1. Let j be y(-2). What is the tens digit of (2 - 1)/(-2 - -1)*j?
3
Let g(c) = -915*c - 163. What is the units digit of g(-8)?
7
Let l(z) = -9*z - 46. Let m be l(-6). Suppose -m*j = -24*j + 11728. What is the hundreds digit of j?
7
Let y(f) be the first derivative of f**4/4 + 5*f**3 - 17*f**2/2 - 51*f - 147. What is the units digit of y(-12)?
5
Let t(k) = 2*k**2 + 3*k + 63. Let b = 360 + -349. What is the units digit of t(b)?
8
Suppose 2*h - b = -321, 6*b = -3*h + 5*b - 489. Let c = 256 + h. What is the units digit of c?
4
Suppose 71 = 6*m + 5. Suppose -q - 1160 = -m*q. What is the tens digit of q?
1
Let z = -364 + 394. Suppose z*b - 4218 = -8*b. What is the hundreds digit of b?
1
Let n be (-4)/10 + (-415196)/(-115). Suppose -59*b + 3*k = -62*b + 2706, -n = -4*b - 3*k. What is the hundreds digit of b?
9
Suppose n = 39*n - 8*n. Suppose -11*l + 1714 + 9297 = n. What is the thousands digit of l?
1
Let f = 640 + -439. Suppose -192*n - 3744 = -f*n. What is the hundreds digit of n?
4
Suppose -1088698 = -66*z + 567176. What is the hundreds digit of z?
0
Suppose 2*u - 171 = -3*h, 3*u + 5*h - 256 = 2. Let a = u + 175. What is the units digit of a?
6
Let t(l) = -l**2 - l + 49. Let p be t(-8). Let g(i) = -10*i - 8. Let c(w) = w**2 - 9*w - 7. Let z(q) = 4*c(q) - 3*g(q). What is the hundreds digit of z(p)?
2
Suppose 805601 = 32*i + 242625. What is the units digit of i?
3
Suppose -3*h = -4*s + 13738, 4*s + 1759*h - 1763*h - 13732 = 0. What is the hundreds digit of s?
4
What is the units digit of (11 - -63)*(78/4 - 1)?
9
Suppose 5*k - 23 = 4*i - i, 3*k + 2*i = 10. Let c be k/10 - (-84)/(-35). What is the units digit of (c - -1)*(-1560)/10?
6
Suppose 8 = 7*c - 5*c. Suppose -32 = -c*q - 4*q. Suppose -q*v - 285 = -869. What is the hundreds digit of v?
1
Let o = 432 + -401. Suppose 2*m - 6*m + c + 628 = 0, 8 = 2*c. Let h = m - o. What is the tens digit of h?
2
What is the tens digit of 69380/(-12)*(-132)/220?
6
Suppose -4*u + 6726 = -3310. What is the hundreds digit of u?
5
Suppose -k + 2 - 16 = 4*w, -3*w - 3*k = 6. What is the units digit of 76 - (3 - (-1 - w))*1?
6
Suppose 0 = -5*y + 30, 396*l + 10561 = 401*l + y. What is the thousands digit of l?
2
Let w(j) = j**3 - 4*j**2 - j + 14. Let d be w(4). What is the units digit of (-447210)/(-540) + d/12?
9
Let w = 67 + -72. Let g be 2*(w/1 - -4). Let v(p) = -13*p**3 + 4*p**2 + p - 3. What is the tens digit of v(g)?
1
Let q(z) = -z**3 + 3*z**2 - 9*z + 10. Let i(n) = -2*n**3 + 5*n**2 - 8*n + 11. Let v(m) = -6*i(m) + 7*q(m). What is the units digit of v(6)?
0
Let g = 831 + 452. Let w = 1805 - g. What is the units digit of w?
2
Let k = -32 + 38. Suppose b - 8 = -3*j, 5*j - k*b = -b + 20. Suppose -477 = -3*y - j*i, -y + 830 = 4*y - 2*i. What is the units digit of y?
4
Suppose -2*d = -3*q + 4826, 22*q = 26*q - 2*d - 6436. Let m = 2772 - q. What is the thousands digit of m?
1
Let j = -1188 + 1788. Let h = -75 + j. What is the hundreds digit of h?
5
Let q(u) = 11*u**2 - 94*u - 775. What is the thousands digit of q(-29)?
1
Suppose -43*k = -28*k - 85485. What is the units digit of k?
9
Suppose -447*m = -460*m + 103207. What is the tens digit of m?
3
Let k = 2732 + 4245. What is the units digit of k?
7
Let b = 688 - 700. What is the thousands digit of (-18224)/b - 3/(-9)?
1
Let o(n) = 224*n - 113. Suppose 6*b = 3*b - 2*q + 10, -5*q + 8 = -b. What is the hundreds digit of o(b)?
3
Let x be -3 + (-3 - (-76)/4*3). Suppose -9*o + 6*o = -x. Let q = 16 + o. What is the tens digit of q?
3
Let o(r) = -r**3 + 18*r**2 + 233*r - 51. What is the hundreds digit of o(24)?
0
Suppose 125*p = 132*p + 175. What is the thousands digit of (p/(75/(-2518)))/(2/3)?
1
Suppose -42*m = 43*m - 75*m - 209100. What is the units digit of m?
0
Let o(y) = -3044*y**3 - 6*y**2 - 4*y - 2. Let s be o(-1). Suppose 6*h - s = 4322. What is the tens digit of h?
2
Suppose -5*l = -10*l - 5*f + 12415, -3*l + 7453 = -f. What is the units digit of (2/(-8))/((-9)/l)?
9
Suppose -17*y = 4*y + 69337 - 265519. What is the thousands digit of y?
9
Suppose -35 = -3*v - 38. What is the units digit of 25/50*(-170)/v?
5
What is the units digit of (60/140)/(9/105 - 0) - -56933?
8
Let g = 251 - -7. Let d = g - 174. Suppose -2*a - h + d = 0, 5*a + 4*h + h - 205 = 0. What is the units digit of a?
3
Let n = 912 + 2032. Suppose -n = 2*f - 4*f - 4*q, -1476 = -f - 4*q. What is the thousands digit of f?
1
Suppose -y + 3 = -1, -13734 = -2*v + 5*y. What is the hundreds digit of v?
8
What is the ten thousands digit of (8 - 2)*(1 - 378032/(-96))?
2
Suppose -8573*o + 8569*o = -3968. What is the hundreds digit of o?
9
Suppose -5865 = 5*g + b, -4*g - b + 154 = 4846. Let a = -699 - g. What is the hundreds digit of a?
4
Suppose -7*d = -11*d - 220. Let s = d + 79. What is the hundreds digit of (34/2)/(3/s)?
1
Let m be 418*3/(-2)*1 - 1. Let o = -471 - m. What is the hundreds digit of o?
1
Suppose 3540 = 26*p - 16*p. What is the tens digit of p*-1*(-8)/6?
7
Suppose 81*m = -2*f + 86*m + 1337, 2765 = 4*f + 3*m. What is the units digit of f?
6
Let q(j) = 95*j - 53 + 63 + 70*j. What is the hundreds digit of q(3)?
5
What is the ten thousands digit of 11 - 18 - (0 + (-20218 - 7))?
2
Suppose -3*g - 2 = i - 2*i, 2*g = 0. Let u(d) = 3*d**2 + 1 + i + 23*d - d**2 - 3*d**2. What is the hundreds digit of u(16)?
1
Let h(n) be the third derivative of -1/120*n**6 - 1/15*n**5 - 5/12*n**4 + 0 + 7/6*n**3 - 20*n**2 + 0*n. What is the tens digit of h(-6)?
3
Let k(c) = 124*c**3 - c**2 - 1. Let h be k(2). Let i = h - 423. What is the units digit of i?
4
Let o = -9272 - -19955. What is the ten thousands digit of o?
1
Suppose -2*c = 4*w + 1648, -3*w = -2*c - 48 - 1607. Let t = -431 - c. What is the hundreds digit of t?
3
Let t(l) = 8*l**3 - 30*l**2 - 10*l - 21. What is the tens digit of t(7)?
8
Suppose 51*s - 239184 = 3*s. What is the tens digit of s?
8
Suppose -4*n - 33 = 207. Let a = -60 - -194. Let y = a + n. Wha